{"id":1175,"date":"2018-09-24T20:29:57","date_gmt":"2018-09-24T23:29:57","guid":{"rendered":"https:\/\/isfdyt43-bue.infd.edu.ar\/sitio\/?page_id=1175"},"modified":"2024-10-08T21:44:29","modified_gmt":"2024-10-09T00:44:29","slug":"tecnicatura-superior-en-acompanante-terapeutico","status":"publish","type":"page","link":"https:\/\/isfdyt43-bue.infd.edu.ar\/sitio\/tecnicatura-superior-en-acompanante-terapeutico\/","title":{"rendered":"Tecnicatura en Acompa\u00f1ante Terap\u00e9utico"},"content":{"rendered":"<p><img decoding=\"async\" loading=\"lazy\" class=\"alignnone size-medium wp-image-1173\" src=\"https:\/\/isfdyt43-bue.infd.edu.ar\/sitio\/wp-content\/uploads\/2018\/09\/Banners-Acomp-Terapeutico-1000x420.jpg\" alt=\"\" width=\"1000\" height=\"420\" srcset=\"https:\/\/isfdyt43-bue.infd.edu.ar\/sitio\/wp-content\/uploads\/2018\/09\/Banners-Acomp-Terapeutico-1000x420.jpg 1000w, https:\/\/isfdyt43-bue.infd.edu.ar\/sitio\/wp-content\/uploads\/2018\/09\/Banners-Acomp-Terapeutico-768x323.jpg 768w, https:\/\/isfdyt43-bue.infd.edu.ar\/sitio\/wp-content\/uploads\/2018\/09\/Banners-Acomp-Terapeutico-1900x799.jpg 1900w\" sizes=\"(max-width: 1000px) 100vw, 1000px\" \/><\/p>\n<p style=\"text-align: center;\"><span style=\"font-family: verdana,geneva; font-size: 10pt; color: #339966;\"><strong>DURACI\u00d3N: 3 a\u00f1os<\/strong><\/span><\/p>\n<p style=\"text-align: center;\"><span style=\"font-family: verdana,geneva; font-size: 10pt; color: #339966;\"><strong>Carrera de Ciclo Cerrado<\/strong><\/span><\/p>\n<p style=\"text-align: center;\"><span style=\"font-family: verdana,geneva; font-size: 10pt; color: #339966;\"><strong>REQUISITOS DE INGRESO: T\u00edtulo del Nivel Medio o Polimodal.<\/strong><\/span><\/p>\n<p style=\"text-align: center;\"><span style=\"font-family: verdana,geneva; font-size: 10pt; color: #339966;\"><strong>Resoluci\u00f3n N\u00b0 <a href=\"http:\/\/servicios.abc.gov.ar\/lainstitucion\/organismos\/consejogeneral\/tecnicatura\/res\/1221-15-acompaniamiento-terapeutico.pdf\">1221\/15<\/a><\/strong><\/span><\/p>\n<p style=\"text-align: center;\"><span style=\"font-family: verdana,geneva; font-size: 10pt; color: #339966;\"><strong>Turno: Vespertino<\/strong><\/span><\/p>\n<p style=\"text-align: center;\"><span style=\"font-family: verdana,geneva; font-size: 10pt; color: #339966;\"><strong>Modalidad de Cursada: Presencial<\/strong><\/span><\/p>\n<p style=\"text-align: left;\"><span style=\"font-family: verdana,geneva; font-size: 10pt; color: #339966;\"><strong>PERFIL EGRESADO<\/strong><\/span><\/p>\n<p style=\"text-align: left;\"><span style=\"font-family: verdana,geneva; font-size: 10pt; color: #339966;\">Es un profesional del campo de la salud mental, que interviene en el abordaje de las personas con padecimientos mentales, en el marco de la indicaci\u00f3n de un equipo interdisciplinario, operando como coordinador de otros acompa\u00f1antes terap\u00e9uticos para facilitar y mediar en la rehabilitaci\u00f3n, la prevenci\u00f3n de posibles reca\u00eddas, la identificaci\u00f3n y anticipaci\u00f3n de situaciones de riesgo&nbsp; y en la vinculaci\u00f3n social de las personas con padecimientos mentales.<\/span><\/p>\n<p style=\"text-align: left;\"><span style=\"font-family: verdana,geneva; font-size: 10pt; color: #339966;\"><strong>SALIDA LABORAL<\/strong><\/span><\/p>\n<p style=\"text-align: left;\"><span style=\"font-family: verdana,geneva; font-size: 10pt; color: #339966;\">Intervendr\u00e1 en diversos modelos de abordaje, integrando y coordinando la labor de otros Acompa\u00f1antes Terap\u00e9uticos dentro de grupos de trabajo, a fin de desarrollar su actividad, coordinar acciones comunes y participar en el dise\u00f1o, implementacion y evaluaci\u00f3n de procesos de capacitaci\u00f3n tendientes a la Educaci\u00f3n Permanente en Salud, como parte del trabajo interdisciplinario. Podr\u00e1 desempe\u00f1arse en Instituciones de salud y\/o educaci\u00f3n. Instituciones de atenci\u00f3n de la salud mental y adicciones con o sin dispositivo de internacion. Residenciales (Geri\u00e1tricos, hogares de ni\u00f1os y adolescentes), Centro Educativo Terap\u00e9utico, Hospitales y Centros de dia. Centros de Asistencia en cat\u00e1strofes. Casas de medio camino y dispositivos de convivencia con distintos niveles de apoyo. Hogar del paciente.Centros de tratamiento de patolog\u00edas de consumo y adicciones. Otros dispositivo en las intervenciones en los espacios comunitarios, judicial y forense.<\/span><\/p>\n\n\n<p class=\"has-text-align-center\"><strong>HORARIOS 2023<\/strong><\/p>\n\n\n\n<p class=\"has-text-align-center\"><strong>Horarios 1ro<\/strong><\/p>\n\n\n\n<figure class=\"wp-block-image size-full\"><img decoding=\"async\" loading=\"lazy\" width=\"1301\" height=\"502\" src=\"https:\/\/isfdyt43-bue.infd.edu.ar\/sitio\/wp-content\/uploads\/2024\/10\/imagen.png\" alt=\"\" class=\"wp-image-3960\" srcset=\"https:\/\/isfdyt43-bue.infd.edu.ar\/sitio\/wp-content\/uploads\/2024\/10\/imagen.png 1301w, https:\/\/isfdyt43-bue.infd.edu.ar\/sitio\/wp-content\/uploads\/2024\/10\/imagen-1000x386.png 1000w, https:\/\/isfdyt43-bue.infd.edu.ar\/sitio\/wp-content\/uploads\/2024\/10\/imagen-768x296.png 768w\" sizes=\"(max-width: 1301px) 100vw, 1301px\" \/><\/figure>\n\n\n\n<p class=\"has-text-align-center\"><br><strong><br>Horarios 2do<\/strong><\/p>\n\n\n\n<figure class=\"wp-block-image size-full\"><img decoding=\"async\" loading=\"lazy\" width=\"1278\" height=\"464\" src=\"https:\/\/isfdyt43-bue.infd.edu.ar\/sitio\/wp-content\/uploads\/2024\/10\/imagen-1.png\" alt=\"\" class=\"wp-image-3961\" srcset=\"https:\/\/isfdyt43-bue.infd.edu.ar\/sitio\/wp-content\/uploads\/2024\/10\/imagen-1.png 1278w, https:\/\/isfdyt43-bue.infd.edu.ar\/sitio\/wp-content\/uploads\/2024\/10\/imagen-1-1000x363.png 1000w, https:\/\/isfdyt43-bue.infd.edu.ar\/sitio\/wp-content\/uploads\/2024\/10\/imagen-1-768x279.png 768w\" sizes=\"(max-width: 1278px) 100vw, 1278px\" \/><\/figure>\n\n\n\n<p class=\"has-text-align-center\"><strong><br>Horarios 3ro<\/strong><\/p>\n\n\n\n<figure class=\"wp-block-image size-full\"><img decoding=\"async\" loading=\"lazy\" width=\"1303\" height=\"446\" src=\"https:\/\/isfdyt43-bue.infd.edu.ar\/sitio\/wp-content\/uploads\/2024\/10\/imagen-2.png\" alt=\"\" class=\"wp-image-3962\" srcset=\"https:\/\/isfdyt43-bue.infd.edu.ar\/sitio\/wp-content\/uploads\/2024\/10\/imagen-2.png 1303w, https:\/\/isfdyt43-bue.infd.edu.ar\/sitio\/wp-content\/uploads\/2024\/10\/imagen-2-1000x342.png 1000w, https:\/\/isfdyt43-bue.infd.edu.ar\/sitio\/wp-content\/uploads\/2024\/10\/imagen-2-768x263.png 768w\" sizes=\"(max-width: 1303px) 100vw, 1303px\" \/><\/figure>\n\n\n\n<p><\/p>\n","protected":false},"excerpt":{"rendered":"<p>DURACI\u00d3N: 3 a\u00f1os Carrera de Ciclo Cerrado REQUISITOS DE INGRESO: T\u00edtulo del Nivel Medio o Polimodal. Resoluci\u00f3n N\u00b0 1221\/15 Turno: Vespertino Modalidad de Cursada: Presencial PERFIL EGRESADO Es un profesional del campo de la salud mental, que interviene en el abordaje de las personas con padecimientos mentales, en el marco de la indicaci\u00f3n de un &#8230; <a title=\"Tecnicatura en Acompa\u00f1ante Terap\u00e9utico\" class=\"read-more\" href=\"https:\/\/isfdyt43-bue.infd.edu.ar\/sitio\/tecnicatura-superior-en-acompanante-terapeutico\/\" aria-label=\"More on Tecnicatura en Acompa\u00f1ante Terap\u00e9utico\">[+]<\/a><\/p>\n","protected":false},"author":65,"featured_media":0,"parent":0,"menu_order":0,"comment_status":"closed","ping_status":"closed","template":"","meta":[],"acf":[],"_links":{"self":[{"href":"https:\/\/isfdyt43-bue.infd.edu.ar\/sitio\/wp-json\/wp\/v2\/pages\/1175"}],"collection":[{"href":"https:\/\/isfdyt43-bue.infd.edu.ar\/sitio\/wp-json\/wp\/v2\/pages"}],"about":[{"href":"https:\/\/isfdyt43-bue.infd.edu.ar\/sitio\/wp-json\/wp\/v2\/types\/page"}],"author":[{"embeddable":true,"href":"https:\/\/isfdyt43-bue.infd.edu.ar\/sitio\/wp-json\/wp\/v2\/users\/65"}],"replies":[{"embeddable":true,"href":"https:\/\/isfdyt43-bue.infd.edu.ar\/sitio\/wp-json\/wp\/v2\/comments?post=1175"}],"version-history":[{"count":14,"href":"https:\/\/isfdyt43-bue.infd.edu.ar\/sitio\/wp-json\/wp\/v2\/pages\/1175\/revisions"}],"predecessor-version":[{"id":3963,"href":"https:\/\/isfdyt43-bue.infd.edu.ar\/sitio\/wp-json\/wp\/v2\/pages\/1175\/revisions\/3963"}],"wp:attachment":[{"href":"https:\/\/isfdyt43-bue.infd.edu.ar\/sitio\/wp-json\/wp\/v2\/media?parent=1175"}],"curies":[{"name":"wp","href":"https:\/\/api.w.org\/{rel}","templated":true}]}}

Tecnicatura en Acompañante Terapéutico

<p><img decoding="async" loading="lazy" class="alignnone size-medium wp-image-1173" src="https://isfdyt43-bue.infd.edu.ar/sitio/wp-content/uploads/2018/09/Banners-Acomp-Terapeutico-1000x420.jpg" alt="" width="1000" height="420" srcset="https://isfdyt43-bue.infd.edu.ar/sitio/wp-content/uploads/2018/09/Banners-Acomp-Terapeutico-1000x420.jpg 1000w, https://isfdyt43-bue.infd.edu.ar/sitio/wp-content/uploads/2018/09/Banners-Acomp-Terapeutico-768x323.jpg 768w, https://isfdyt43-bue.infd.edu.ar/sitio/wp-content/uploads/2018/09/Banners-Acomp-Terapeutico-1900x799.jpg 1900w" sizes="(max-width: 1000px) 100vw, 1000px" /></p>
<p style="text-align: center;"><span style="font-family: verdana,geneva; font-size: 10pt; color: #339966;"><strong>DURACIÓN: 3 años</strong></span></p>
<p style="text-align: center;"><span style="font-family: verdana,geneva; font-size: 10pt; color: #339966;"><strong>Carrera de Ciclo Cerrado</strong></span></p>
<p style="text-align: center;"><span style="font-family: verdana,geneva; font-size: 10pt; color: #339966;"><strong>REQUISITOS DE INGRESO: Título del Nivel Medio o Polimodal.</strong></span></p>
<p style="text-align: center;"><span style="font-family: verdana,geneva; font-size: 10pt; color: #339966;"><strong>Resolución N° <a href="http://servicios.abc.gov.ar/lainstitucion/organismos/consejogeneral/tecnicatura/res/1221-15-acompaniamiento-terapeutico.pdf">1221/15</a></strong></span></p>
<p style="text-align: center;"><span style="font-family: verdana,geneva; font-size: 10pt; color: #339966;"><strong>Turno: Vespertino</strong></span></p>
<p style="text-align: center;"><span style="font-family: verdana,geneva; font-size: 10pt; color: #339966;"><strong>Modalidad de Cursada: Presencial</strong></span></p>
<p style="text-align: left;"><span style="font-family: verdana,geneva; font-size: 10pt; color: #339966;"><strong>PERFIL EGRESADO</strong></span></p>
<p style="text-align: left;"><span style="font-family: verdana,geneva; font-size: 10pt; color: #339966;">Es un profesional del campo de la salud mental, que interviene en el abordaje de las personas con padecimientos mentales, en el marco de la indicación de un equipo interdisciplinario, operando como coordinador de otros acompañantes terapéuticos para facilitar y mediar en la rehabilitación, la prevención de posibles recaídas, la identificación y anticipación de situaciones de riesgo&nbsp; y en la vinculación social de las personas con padecimientos mentales.</span></p>
<p style="text-align: left;"><span style="font-family: verdana,geneva; font-size: 10pt; color: #339966;"><strong>SALIDA LABORAL</strong></span></p>
<p style="text-align: left;"><span style="font-family: verdana,geneva; font-size: 10pt; color: #339966;">Intervendrá en diversos modelos de abordaje, integrando y coordinando la labor de otros Acompañantes Terapéuticos dentro de grupos de trabajo, a fin de desarrollar su actividad, coordinar acciones comunes y participar en el diseño, implementacion y evaluación de procesos de capacitación tendientes a la Educación Permanente en Salud, como parte del trabajo interdisciplinario. Podrá desempeñarse en Instituciones de salud y/o educación. Instituciones de atención de la salud mental y adicciones con o sin dispositivo de internacion. Residenciales (Geriátricos, hogares de niños y adolescentes), Centro Educativo Terapéutico, Hospitales y Centros de dia. Centros de Asistencia en catástrofes. Casas de medio camino y dispositivos de convivencia con distintos niveles de apoyo. Hogar del paciente.Centros de tratamiento de patologías de consumo y adicciones. Otros dispositivo en las intervenciones en los espacios comunitarios, judicial y forense.</span></p>


<p class="has-text-align-center"><strong>HORARIOS 2023</strong></p>



<p class="has-text-align-center"><strong>Horarios 1ro</strong></p>



<figure class="wp-block-image size-full"><img decoding="async" loading="lazy" width="1301" height="502" src="https://isfdyt43-bue.infd.edu.ar/sitio/wp-content/uploads/2024/10/imagen.png" alt="" class="wp-image-3960" srcset="https://isfdyt43-bue.infd.edu.ar/sitio/wp-content/uploads/2024/10/imagen.png 1301w, https://isfdyt43-bue.infd.edu.ar/sitio/wp-content/uploads/2024/10/imagen-1000x386.png 1000w, https://isfdyt43-bue.infd.edu.ar/sitio/wp-content/uploads/2024/10/imagen-768x296.png 768w" sizes="(max-width: 1301px) 100vw, 1301px" /></figure>



<p class="has-text-align-center"><br><strong><br>Horarios 2do</strong></p>



<figure class="wp-block-image size-full"><img decoding="async" loading="lazy" width="1278" height="464" src="https://isfdyt43-bue.infd.edu.ar/sitio/wp-content/uploads/2024/10/imagen-1.png" alt="" class="wp-image-3961" srcset="https://isfdyt43-bue.infd.edu.ar/sitio/wp-content/uploads/2024/10/imagen-1.png 1278w, https://isfdyt43-bue.infd.edu.ar/sitio/wp-content/uploads/2024/10/imagen-1-1000x363.png 1000w, https://isfdyt43-bue.infd.edu.ar/sitio/wp-content/uploads/2024/10/imagen-1-768x279.png 768w" sizes="(max-width: 1278px) 100vw, 1278px" /></figure>



<p class="has-text-align-center"><strong><br>Horarios 3ro</strong></p>



<figure class="wp-block-image size-full"><img decoding="async" loading="lazy" width="1303" height="446" src="https://isfdyt43-bue.infd.edu.ar/sitio/wp-content/uploads/2024/10/imagen-2.png" alt="" class="wp-image-3962" srcset="https://isfdyt43-bue.infd.edu.ar/sitio/wp-content/uploads/2024/10/imagen-2.png 1303w, https://isfdyt43-bue.infd.edu.ar/sitio/wp-content/uploads/2024/10/imagen-2-1000x342.png 1000w, https://isfdyt43-bue.infd.edu.ar/sitio/wp-content/uploads/2024/10/imagen-2-768x263.png 768w" sizes="(max-width: 1303px) 100vw, 1303px" /></figure>



<p></p>

<p>DURACIÓN: 3 años Carrera de Ciclo Cerrado REQUISITOS DE INGRESO: Título del Nivel Medio o Polimodal. Resolución N° 1221/15 Turno: Vespertino Modalidad de Cursada: Presencial PERFIL EGRESADO Es un profesional del campo de la salud mental, que interviene en el abordaje de las personas con padecimientos mentales, en el marco de la indicación de un &#8230; <a title="Tecnicatura en Acompañante Terapéutico" class="read-more" href="https://isfdyt43-bue.infd.edu.ar/sitio/tecnicatura-superior-en-acompanante-terapeutico/" aria-label="More on Tecnicatura en Acompañante Terapéutico">[+]</a></p>
