{"id":1950,"date":"2019-11-07T18:57:43","date_gmt":"2019-11-07T21:57:43","guid":{"rendered":"https:\/\/isfdyt43-bue.infd.edu.ar\/sitio\/?page_id=1950"},"modified":"2023-09-29T19:22:46","modified_gmt":"2023-09-29T22:22:46","slug":"tecnicatura-superior-en-servicios-gastronomicos","status":"publish","type":"page","link":"https:\/\/isfdyt43-bue.infd.edu.ar\/sitio\/tecnicatura-superior-en-servicios-gastronomicos\/","title":{"rendered":"Tecnicatura Superior en Servicios Gastron\u00f3micos"},"content":{"rendered":"<p><img decoding=\"async\" loading=\"lazy\" class=\"alignnone size-full wp-image-1953\" src=\"https:\/\/isfdyt43-bue.infd.edu.ar\/sitio\/wp-content\/uploads\/2019\/11\/Tec-en-Gastronomia.jpg\" alt=\"\" width=\"749\" height=\"241\" \/><\/p>\n<p style=\"text-align: center;\"><span style=\"font-size: 10pt; font-family: verdana,geneva; color: #339966;\"><strong>DURACI\u00d3N: 3 a\u00f1os<\/strong> <\/span><\/p>\n<p style=\"text-align: center;\"><span style=\"font-size: 10pt; font-family: verdana,geneva; color: #339966;\"><strong>REQUISITOS DE INSCRIPCI\u00d3N: T\u00edtulo del Nivel Medio o Polimodal<\/strong> <\/span><\/p>\n<p style=\"text-align: center;\"><span style=\"font-size: 10pt; font-family: verdana,geneva; color: #339966;\"><strong>Resoluci\u00f3n N\u00b0 <a href=\"http:\/\/servicios.abc.gov.ar\/lainstitucion\/organismos\/consejogeneral\/tecnicatura\/res\/3753_11_servicios_gastronomicos_escaneada.pdf\" target=\"_blank\" rel=\"noopener\">3753\/11<\/a><\/strong><\/span><\/p>\n<p style=\"text-align: center;\"><span style=\"font-size: 10pt; font-family: verdana,geneva; color: #339966;\"><strong><span style=\"color: #339966; font-family: verdana,geneva; font-size: 10pt;\"><strong>Turno: Vespertino<\/strong><\/span><\/strong><\/span><\/p>\n<p style=\"text-align: center;\"><span style=\"font-size: 10pt; font-family: verdana,geneva; color: #339966;\"><strong><span style=\"color: #339966; font-family: verdana,geneva; font-size: 10pt;\"><strong>Modalidad de Cursada: Presencial<\/strong><\/span><\/strong><\/span><\/p>\n<p style=\"text-align: justify;\"><span style=\"font-family: verdana,geneva; font-size: 10pt; color: #339966;\"><strong>PERFIL PROFESIONAL: <\/strong><\/span><\/p>\n<p style=\"text-align: justify;\"><span style=\"font-family: verdana,geneva; font-size: 10pt; color: #339966;\">El T\u00e9cnico Superior en Turismo en gesti\u00f3n de servicios gastron\u00f3micos es un profesional competente para la organizaci\u00f3n, administraci\u00f3n, planificaci\u00f3n, control y asesoramiento en los servicios de gastronom\u00eda de todo tipo y tama\u00f1o as\u00ed como los de provisi\u00f3n de alimentos elaborados.<\/span><\/p>\n<p style=\"text-align: justify;\"><strong><span style=\"font-family: verdana,geneva; font-size: 10pt; color: #339966;\">AREAS DE COMPETENCIA<\/span><\/strong><strong><span style=\"font-family: verdana,geneva; font-size: 10pt; color: #339966;\">:<\/span><\/strong><\/p>\n<p style=\"text-align: justify;\"><span style=\"font-family: verdana,geneva; font-size: 10pt; color: #339966;\">El T\u00e9cnico Superior en Gesti\u00f3n de Servicios Gastron\u00f3micos es un profesional que puede desempe\u00f1arse en los servicios de gastronom\u00eda de todo tipo y tama\u00f1o como ser restaurantes, confiter\u00edas, bares; \u00e1reas gastron\u00f3micas en servicios de alojamiento, educativos, sanitarios, etc. Empresas de catering. Todo tipo de empresas que realicen despacho de comidas elaboradas<\/span><\/p>\n<p style=\"text-align: justify;\"><span style=\"font-family: verdana,geneva; font-size: 10pt; color: #339966;\"><strong>AREA OCUPACIONAL:<\/strong><\/span><\/p>\n<p style=\"text-align: justify;\"><span style=\"font-family: verdana,geneva; font-size: 10pt; color: #339966;\">El desempe\u00f1o de este profesional se desarrolla en espacios ocupacionales tales como:<br \/>\n\u2013 Organizar las \u00e1reas gastron\u00f3micas de los servicios de alojamiento y todo tipo de empresas que realicen despacho de comidas elaboradas.<br \/>\n\u2013 Administrar las compras, y ventas de la organizaci\u00f3n.<br \/>\n\u2013 Planificar y dise\u00f1ar de la oferta gastron\u00f3mica de acuerdo a la modalidad del servicio.<br \/>\n\u2013 Controlar todos los aspectos vinculados a la prestaci\u00f3n de los servicios.<br \/>\n\u2013 Asesorar sobre la implementaci\u00f3n y\/o trasformaci\u00f3n de empresas o servicios de gastronom\u00eda.<\/span><\/p>\n<h3 style=\"text-align: center;\"><span style=\"color: #339966;\">Plan de Estudios<\/span><\/h3>\n<p style=\"text-align: center;\"><span style=\"color: #339966;\"><strong><em>1\u00b0 A\u00f1o<\/em><\/strong><\/span><br \/>\n<span style=\"color: #339966;\">.Instalaciones y equipamientos gastron\u00f3micos<\/span><br \/>\n<span style=\"color: #339966;\">. Inform\u00e1tica<\/span><br \/>\n<span style=\"color: #339966;\">. Planificaci\u00f3n y organizaci\u00f3n del servicio<\/span><br \/>\n<span style=\"color: #339966;\">. Buenas pr\u00e1cticas para la elaboraci\u00f3n de alimentos<\/span><br \/>\n<span style=\"color: #339966;\">. Materias primas y nutrici\u00f3n<\/span><br \/>\n<span style=\"color: #339966;\">. Cocina b\u00e1sica y servicio<\/span><br \/>\n<span style=\"color: #339966;\">. Panader\u00eda y pasteler\u00eda<\/span><br \/>\n<span style=\"color: #339966;\">. Pr\u00e1ctica profesional I<\/span><br \/>\n<span style=\"color: #339966;\">. EDI<\/span><\/p>\n<p style=\"text-align: center;\"><span style=\"color: #339966;\"><strong><em>2\u00b0 A\u00f1o<\/em><\/strong><\/span><br \/>\n<span style=\"color: #339966;\">. Organizaci\u00f3n de eventos<\/span><br \/>\n<span style=\"color: #339966;\">. Men\u00fa, dise\u00f1o y ambientaci\u00f3n de restaurantes<\/span><br \/>\n<span style=\"color: #339966;\">. Costos y compras<\/span><br \/>\n<span style=\"color: #339966;\">. Cocina argentina y latinoamericana<\/span><br \/>\n<span style=\"color: #339966;\">. Cocina internacional<\/span><br \/>\n<span style=\"color: #339966;\">. Barman y enolog\u00eda<\/span><br \/>\n<span style=\"color: #339966;\">. Reposter\u00eda<\/span><br \/>\n<span style=\"color: #339966;\">. Pr\u00e1ctica profesional II<\/span><br \/>\n<span style=\"color: #339966;\">. EDI<\/span><\/p>\n<p style=\"text-align: center;\"><span style=\"color: #339966;\"><strong><em>3\u00b0 A\u00f1o<\/em><\/strong><\/span><br \/>\n<span style=\"color: #339966;\">.\u00a0Legislaci\u00f3n y administraci\u00f3n de personal<\/span><br \/>\n<span style=\"color: #339966;\">. Comercializaci\u00f3n<\/span><br \/>\n<span style=\"color: #339966;\">. Relaciones p\u00fablicas y congresos<\/span><br \/>\n<span style=\"color: #339966;\">. Contabilidad y control econ\u00f3mico financiero<\/span><br \/>\n<span style=\"color: #339966;\">. Organizaci\u00f3n y administraci\u00f3n de empresas gastron\u00f3micas<\/span><br \/>\n<span style=\"color: #339966;\">. Arte culinario<\/span><br \/>\n<span style=\"color: #339966;\">. Gesti\u00f3n de la calidad gastron\u00f3mica<\/span><br \/>\n<span style=\"color: #339966;\">. Gesti\u00f3n de alimentos y bebidas<\/span><br \/>\n<span style=\"color: #339966;\">. Pr\u00e1cticas profesionalizante III<\/span><br \/>\n<span style=\"color: #339966;\">. EDI<\/span><\/p>\n<p style=\"text-align: center;\"><strong>HORARIOS 2023<\/strong><\/p>\n<p style=\"text-align: center;\"><strong><a href=\"https:\/\/drive.google.com\/file\/d\/1d-wDcYbN5mWJckYzoK2KDYulnZdXClN7\/view?usp=share_link\" target=\"_blank\" rel=\"noopener\">Horarios 1ro<\/a><\/strong><\/p>\n","protected":false},"excerpt":{"rendered":"<p>DURACI\u00d3N: 3 a\u00f1os REQUISITOS DE INSCRIPCI\u00d3N: T\u00edtulo del Nivel Medio o Polimodal Resoluci\u00f3n N\u00b0 3753\/11 Turno: Vespertino Modalidad de Cursada: Presencial PERFIL PROFESIONAL: El T\u00e9cnico Superior en Turismo en gesti\u00f3n de servicios gastron\u00f3micos es un profesional competente para la organizaci\u00f3n, administraci\u00f3n, planificaci\u00f3n, control y asesoramiento en los servicios de gastronom\u00eda de todo tipo y tama\u00f1o &#8230; <a title=\"Tecnicatura Superior en Servicios Gastron\u00f3micos\" class=\"read-more\" href=\"https:\/\/isfdyt43-bue.infd.edu.ar\/sitio\/tecnicatura-superior-en-servicios-gastronomicos\/\" aria-label=\"More on Tecnicatura Superior en Servicios Gastron\u00f3micos\">[+]<\/a><\/p>\n","protected":false},"author":65,"featured_media":0,"parent":0,"menu_order":0,"comment_status":"closed","ping_status":"closed","template":"","meta":[],"acf":[],"_links":{"self":[{"href":"https:\/\/isfdyt43-bue.infd.edu.ar\/sitio\/wp-json\/wp\/v2\/pages\/1950"}],"collection":[{"href":"https:\/\/isfdyt43-bue.infd.edu.ar\/sitio\/wp-json\/wp\/v2\/pages"}],"about":[{"href":"https:\/\/isfdyt43-bue.infd.edu.ar\/sitio\/wp-json\/wp\/v2\/types\/page"}],"author":[{"embeddable":true,"href":"https:\/\/isfdyt43-bue.infd.edu.ar\/sitio\/wp-json\/wp\/v2\/users\/65"}],"replies":[{"embeddable":true,"href":"https:\/\/isfdyt43-bue.infd.edu.ar\/sitio\/wp-json\/wp\/v2\/comments?post=1950"}],"version-history":[{"count":5,"href":"https:\/\/isfdyt43-bue.infd.edu.ar\/sitio\/wp-json\/wp\/v2\/pages\/1950\/revisions"}],"predecessor-version":[{"id":3515,"href":"https:\/\/isfdyt43-bue.infd.edu.ar\/sitio\/wp-json\/wp\/v2\/pages\/1950\/revisions\/3515"}],"wp:attachment":[{"href":"https:\/\/isfdyt43-bue.infd.edu.ar\/sitio\/wp-json\/wp\/v2\/media?parent=1950"}],"curies":[{"name":"wp","href":"https:\/\/api.w.org\/{rel}","templated":true}]}}