{"id":2796,"date":"2022-04-19T18:57:45","date_gmt":"2022-04-19T21:57:45","guid":{"rendered":"https:\/\/isfdyt43-bue.infd.edu.ar\/sitio\/?page_id=2796"},"modified":"2022-04-19T18:57:47","modified_gmt":"2022-04-19T21:57:47","slug":"apto-fonoaudiologico","status":"publish","type":"page","link":"https:\/\/isfdyt43-bue.infd.edu.ar\/sitio\/apto-fonoaudiologico\/","title":{"rendered":"Apto Fonoaudiologico"},"content":{"rendered":"\n<figure class=\"wp-block-image size-large\"><img decoding=\"async\" loading=\"lazy\" width=\"871\" height=\"307\" src=\"https:\/\/isfdyt43-bue.infd.edu.ar\/sitio\/wp-content\/uploads\/2022\/04\/diagnostico_Fonoaudiologico.jpg\" alt=\"\" class=\"wp-image-2797\" srcset=\"https:\/\/isfdyt43-bue.infd.edu.ar\/sitio\/wp-content\/uploads\/2022\/04\/diagnostico_Fonoaudiologico.jpg 871w, https:\/\/isfdyt43-bue.infd.edu.ar\/sitio\/wp-content\/uploads\/2022\/04\/diagnostico_Fonoaudiologico-768x271.jpg 768w\" sizes=\"(max-width: 871px) 100vw, 871px\" \/><\/figure>\n\n\n\n<p>El Dise\u00f1o Curricular prev\u00e9 instancias para asegurar el desarrollo satisfactorio de sus Pr\u00e1cticas en cuanto a la comunicaci\u00f3n oral, la voz y su articulaci\u00f3n y para garantizar la salud e idoneidad fonoaudiol\u00f3gica de los y las docentes en formaci\u00f3n.<br>En este sentido, en los Institutos de Formaci\u00f3n Docente se asegurar\u00e1 la prevenci\u00f3n primaria fonoaudiol\u00f3gica desde el alumno ingresante a trav\u00e9s del examen de aptitud, que tendr\u00e1 por objetivos:<br>-relevar informaci\u00f3n respecto de los ingresantes en las carreras de Formaci\u00f3n Docente de Grado, para detectar los posibles trastornos en la salud fonoaudiol\u00f3gica;<br>-orientar la ejercitaci\u00f3n tendiente a la correcci\u00f3n de malos h\u00e1bitos de fonaci\u00f3n;<br>-detectar las patolog\u00edas y efectuar las derivaciones pertinentes al profesional m\u00e9dico especializado y al fonoaudi\u00f3logo para su tratamiento;<br>-supervisar y registrar, a partir del seguimiento de los casos, el proceso de recuperaci\u00f3n.<br>Para la concreci\u00f3n de estas tareas, se asignar\u00e1n dos m\u00f3dulos semanales cada dos grupos de alumnos del primer a\u00f1o, a un profesional de la especialidad que ingresar\u00e1 por Listado, seg\u00fan art\u00edculo 108o del Estatuto del Docente. Concluido el relevamiento inicial y realizadas las derivaciones necesarias, se iniciar\u00e1n las actividades de ejercitaci\u00f3n agrupando a los alumnos seg\u00fan sus necesidades correctivas.<br>En el segundo a\u00f1o de las Carreras, antes de acceder a la Pr\u00e1ctica Docente frente a alumnos, deber\u00e1 contarse con la certificaci\u00f3n de la salud y aptitud referida, emitida por el fonoaudi\u00f3logo de la instituci\u00f3n. Esta certificaci\u00f3n de Aptitud Fonoaudiol\u00f3gica tendr\u00e1 el car\u00e1cter de condici\u00f3n excluyente para la Pr\u00e1ctica mencionada.<\/p>\n\n\n\n<p><strong>Paso a seguir:<\/strong><br>1) Realizar interconsulta con ORL (Otorrinolaring\u00f3logo) y traer constancia de la misma (sea una instituci\u00f3n privada o p\u00fablica) realizar este tr\u00e1mite a la brevedad para obtener dicho certificado.<\/p>\n\n\n\n<p>2) Durante el mes de mayo las fonoaudiologas de la Instituci\u00f3n, Paola Escalier y Mar\u00eda Julia Castelao, los estar\u00e1n citando para que se presenten con la constancia del ORL, en la biblioteca de la instituci\u00f3n en los d\u00edas y horarios que se les informar\u00e1n, para realizar la prueba fonoaudiologica y completar la ficha foniatr\u00eda con el resultado de la misma.<\/p>\n\n\n\n<p><strong>Horarios de atenci\u00f3n:<\/strong><br>-Martes de 10:00 a 12:00<br>-Lunes y Jueves de 19:00 a 21:00<\/p>\n\n\n\n<p><strong>Correo electr\u00f3nico:<\/strong><br>is43.fonoaudiologia@gmail.com<\/p>\n\n\n\n<p><strong>Documentaci\u00f3n a presentar en el momento de la cita con la fonoaudiologa de la instituci\u00f3n:<\/strong><br>-Certificado del ORL<br>&#8211;<a href=\"https:\/\/drive.google.com\/file\/d\/1WVxD1l14p30tQw_RRatweylLMEj1fZbq\/view?usp=sharing\" data-type=\"URL\" data-id=\"https:\/\/drive.google.com\/file\/d\/1WVxD1l14p30tQw_RRatweylLMEj1fZbq\/view?usp=sharing\" target=\"_blank\" rel=\"noreferrer noopener\">Ficha foniatrica <\/a><br>&#8211;<a href=\"https:\/\/drive.google.com\/file\/d\/1KCXXhbj6dAOF-WBy5BaMzupDYOiiCXHw\/view?usp=sharing\" data-type=\"URL\" data-id=\"https:\/\/drive.google.com\/file\/d\/1KCXXhbj6dAOF-WBy5BaMzupDYOiiCXHw\/view?usp=sharing\" target=\"_blank\" rel=\"noreferrer noopener\">Constancia de aptitud fonoaudiologica<\/a><\/p>\n\n\n\n<p><\/p>\n","protected":false},"excerpt":{"rendered":"<p>El Dise\u00f1o Curricular prev\u00e9 instancias para asegurar el desarrollo satisfactorio de sus Pr\u00e1cticas en cuanto a la comunicaci\u00f3n oral, la voz y su articulaci\u00f3n y para garantizar la salud e idoneidad fonoaudiol\u00f3gica de los y las docentes en formaci\u00f3n.En este sentido, en los Institutos de Formaci\u00f3n Docente se asegurar\u00e1 la prevenci\u00f3n primaria fonoaudiol\u00f3gica desde el &#8230; <a title=\"Apto Fonoaudiologico\" class=\"read-more\" href=\"https:\/\/isfdyt43-bue.infd.edu.ar\/sitio\/apto-fonoaudiologico\/\" aria-label=\"More on Apto Fonoaudiologico\">[+]<\/a><\/p>\n","protected":false},"author":65,"featured_media":0,"parent":0,"menu_order":0,"comment_status":"closed","ping_status":"closed","template":"","meta":[],"acf":[],"_links":{"self":[{"href":"https:\/\/isfdyt43-bue.infd.edu.ar\/sitio\/wp-json\/wp\/v2\/pages\/2796"}],"collection":[{"href":"https:\/\/isfdyt43-bue.infd.edu.ar\/sitio\/wp-json\/wp\/v2\/pages"}],"about":[{"href":"https:\/\/isfdyt43-bue.infd.edu.ar\/sitio\/wp-json\/wp\/v2\/types\/page"}],"author":[{"embeddable":true,"href":"https:\/\/isfdyt43-bue.infd.edu.ar\/sitio\/wp-json\/wp\/v2\/users\/65"}],"replies":[{"embeddable":true,"href":"https:\/\/isfdyt43-bue.infd.edu.ar\/sitio\/wp-json\/wp\/v2\/comments?post=2796"}],"version-history":[{"count":1,"href":"https:\/\/isfdyt43-bue.infd.edu.ar\/sitio\/wp-json\/wp\/v2\/pages\/2796\/revisions"}],"predecessor-version":[{"id":2798,"href":"https:\/\/isfdyt43-bue.infd.edu.ar\/sitio\/wp-json\/wp\/v2\/pages\/2796\/revisions\/2798"}],"wp:attachment":[{"href":"https:\/\/isfdyt43-bue.infd.edu.ar\/sitio\/wp-json\/wp\/v2\/media?parent=2796"}],"curies":[{"name":"wp","href":"https:\/\/api.w.org\/{rel}","templated":true}]}}