{"id":2893,"date":"2022-07-16T11:07:16","date_gmt":"2022-07-16T14:07:16","guid":{"rendered":"https:\/\/isfdyt43-bue.infd.edu.ar\/sitio\/?page_id=2893"},"modified":"2025-03-25T20:47:26","modified_gmt":"2025-03-25T23:47:26","slug":"solicitud-de-pase","status":"publish","type":"page","link":"https:\/\/isfdyt43-bue.infd.edu.ar\/sitio\/solicitud-de-pase\/","title":{"rendered":"Solicitud de PASE"},"content":{"rendered":"\n<p>El pase es el acto administrativo por el cual alumnos\/as de los Institutos Superiores de Educaci\u00f3n Superior solicitan su inscripci\u00f3n en otro establecimiento, quedando matriculado en el mismo en calidad de regular una vez se cumplimente toda la documentaci\u00f3n<br>exigida en el Reglamento Institucional.<br>&#8211; El tr\u00e1mite de pase se realiza para carreras vigentes y con el mismo plan de estudios en la Instituci\u00f3n correspondiente a la Provincia de<br>Buenos Aires.<br>&#8211; Tambi\u00e9n se realiza para alumnos de carreras cuyo plan de estudios es diferente al de la Instituci\u00f3n o no est\u00e1 vigente, los cuales luego de efectivizar el pase deber\u00e1n esperar al an\u00e1lisis de su situaci\u00f3n acad\u00e9mica y correspondiente homologaci\u00f3n.<\/p>\n\n\n\n<p>Seg\u00fan Reglamento General de Instituciones Educativas 2383\/05 ART.22, en los establecimientos de Gesti\u00f3n Estatal el otorgamiento del pase estar\u00e1 supeditado a la existencia de vacantes y a lo pautado por el presente reglamento para acceder a la condici\u00f3n de alumno regular o a la p\u00e9rdida de la condici\u00f3n de tal.<br>Seg\u00fan RES.4043\/09. Los estudiantes que ingresen por pase, de otro establecimiento y que adeuden la acreditaci\u00f3n del final de una o m\u00e1s unidades curriculares, mantendr\u00e1n la validez de la cursada pero deber\u00e1n adecuarse a las condiciones fijadas en el Plan de Evaluaci\u00f3n de la Instituci\u00f3n receptora.<\/p>\n\n\n\n<p class=\"has-contrast-3-color has-text-color\"><strong>\u00bfQu\u00e9 necesito para realizar el PASE?<\/strong><br>El alumno\/a solicita su pase con el env\u00edo de la nota que consta en este documento, ya sea para ingresar al instituto o para solicitar pase a otra instituci\u00f3n. La misma ser\u00e1 dirigida a la Direcci\u00f3n del ISFDyT N\u00b043 al siguiente correo: isfdyt43lobos@abc.gob.ar<br>El env\u00edo de esta nota tiene car\u00e1cter de obligatorio como as\u00ed tambi\u00e9n el completar de forma exacta todos los datos que en esta aparecen.<br>La Secretar\u00eda del ISFDyT N\u00ba43 informar\u00e1 a la Instituci\u00f3n de procedencia la vacante confirmada (o solicitar\u00e1 vacante en el caso de irse) y realizar\u00e1 los registros correspondientes. Adem\u00e1s, solicitar\u00e1 o enviar\u00e1 el legajo de el\/la estudiante el cual debe contar con la siguiente documentaci\u00f3n:<br>&#8211; Anal\u00edtico incompleto.<br>&#8211; Apto fonoaudiol\u00f3gico.<br>&#8211; Ficha m\u00e9dica vigente en el caso que solicite pase en el profesorado de Educaci\u00f3n F\u00edsica.<br>&#8211; Notas parciales de cuatrimestre o finalizaci\u00f3n de cursada (si lo hubiera).<br>&#8211; Programa de las asignaturas acreditadas.<br>&#8211; Cuando vienen de una instituci\u00f3n que cuenta con un plan de estudios distinto al de la instituci\u00f3n receptora, ser\u00e1 necesario contar<br>con el plan de estudios de su carrera de origen (para posibles equivalencias totales o parciales).<br><\/p>\n\n\n\n<p class=\"has-contrast-3-color has-text-color\">La Secretar\u00eda del ISFDyT N\u00ba 43 recepcionar\u00e1 la nota y documentaci\u00f3n para su an\u00e1lisis junto al Equipo de conducci\u00f3n. Si re\u00fane todos los requisitos, se otorgar\u00e1 la vacante, generando una constancia de vacante confirmada.<br>Una vez recepcionado el legajo, situaci\u00f3n acad\u00e9mica y efectivizar el pase, en un trabajo coordinado entre Regencias y Jefaturas de \u00c1rea (si lo hubiera), se asesorar\u00e1 al estudiante en su ingreso al ISFDyT N\u00ba43 como as\u00ed tambi\u00e9n en el proceso de inscripci\u00f3n en los espacios curriculares a cursar y\/o finales a rendir.<\/p>\n\n\n\n<h5 class=\"wp-block-heading has-text-align-center\"><a rel=\"noreferrer noopener\" href=\"https:\/\/docs.google.com\/document\/d\/1Ca2FjPZ_xlEobn_g9sa6YFj1lqJ-cQx-\/edit?usp=sharing&amp;ouid=112542883677680664144&amp;rtpof=true&amp;sd=true\" data-type=\"URL\" data-id=\"https:\/\/docs.google.com\/document\/d\/1Ca2FjPZ_xlEobn_g9sa6YFj1lqJ-cQx-\/edit?usp=sharing&amp;ouid=112542883677680664144&amp;rtpof=true&amp;sd=true\" target=\"_blank\">&#8211; DESCARGAR NOTA PARA SOLICITUD DE PASE al IS43 &#8211;<\/a><a href=\"https:\/\/docs.google.com\/document\/d\/1Ca2FjPZ_xlEobn_g9sa6YFj1lqJ-cQx-\/edit?usp=sharing&amp;ouid=112542883677680664144&amp;rtpof=true&amp;sd=true\" data-type=\"URL\" data-id=\"https:\/\/docs.google.com\/document\/d\/1Ca2FjPZ_xlEobn_g9sa6YFj1lqJ-cQx-\/edit?usp=sharing&amp;ouid=112542883677680664144&amp;rtpof=true&amp;sd=true\"> <\/a><\/h5>\n\n\n\n<h5 class=\"wp-block-heading has-text-align-center\"><strong><a href=\"https:\/\/docs.google.com\/document\/d\/1UQOMGmmMTkEHfN1_I10pE5g6iwAyNfzm\/edit?usp=sharing&amp;ouid=118271776510832173721&amp;rtpof=true&amp;sd=true\">&#8211; DESCARGAR NOTA PARA SOLICITUD DE PASE a otro Instituto<\/a> &#8211;<\/strong><\/h5>\n\n\n\n<p class=\"has-text-align-center\"><strong><a href=\"https:\/\/docs.google.com\/document\/d\/1UQOMGmmMTkEHfN1_I10pE5g6iwAyNfzm\/edit?usp=sharing&amp;ouid=118271776510832173721&amp;rtpof=true&amp;sd=true\"> &#8211; <\/a><\/strong><\/p>\n","protected":false},"excerpt":{"rendered":"<p>El pase es el acto administrativo por el cual alumnos\/as de los Institutos Superiores de Educaci\u00f3n Superior solicitan su inscripci\u00f3n en otro establecimiento, quedando matriculado en el mismo en calidad de regular una vez se cumplimente toda la documentaci\u00f3nexigida en el Reglamento Institucional.&#8211; El tr\u00e1mite de pase se realiza para carreras vigentes y con el &#8230; <a title=\"Solicitud de PASE\" class=\"read-more\" href=\"https:\/\/isfdyt43-bue.infd.edu.ar\/sitio\/solicitud-de-pase\/\" aria-label=\"More on Solicitud de PASE\">[+]<\/a><\/p>\n","protected":false},"author":65,"featured_media":0,"parent":0,"menu_order":0,"comment_status":"closed","ping_status":"closed","template":"","meta":[],"acf":[],"_links":{"self":[{"href":"https:\/\/isfdyt43-bue.infd.edu.ar\/sitio\/wp-json\/wp\/v2\/pages\/2893"}],"collection":[{"href":"https:\/\/isfdyt43-bue.infd.edu.ar\/sitio\/wp-json\/wp\/v2\/pages"}],"about":[{"href":"https:\/\/isfdyt43-bue.infd.edu.ar\/sitio\/wp-json\/wp\/v2\/types\/page"}],"author":[{"embeddable":true,"href":"https:\/\/isfdyt43-bue.infd.edu.ar\/sitio\/wp-json\/wp\/v2\/users\/65"}],"replies":[{"embeddable":true,"href":"https:\/\/isfdyt43-bue.infd.edu.ar\/sitio\/wp-json\/wp\/v2\/comments?post=2893"}],"version-history":[{"count":3,"href":"https:\/\/isfdyt43-bue.infd.edu.ar\/sitio\/wp-json\/wp\/v2\/pages\/2893\/revisions"}],"predecessor-version":[{"id":4402,"href":"https:\/\/isfdyt43-bue.infd.edu.ar\/sitio\/wp-json\/wp\/v2\/pages\/2893\/revisions\/4402"}],"wp:attachment":[{"href":"https:\/\/isfdyt43-bue.infd.edu.ar\/sitio\/wp-json\/wp\/v2\/media?parent=2893"}],"curies":[{"name":"wp","href":"https:\/\/api.w.org\/{rel}","templated":true}]}}