{"id":827,"date":"2018-07-02T18:52:57","date_gmt":"2018-07-02T21:52:57","guid":{"rendered":"https:\/\/isfdyt43-bue.infd.edu.ar\/sitio\/datos\/"},"modified":"2026-04-06T21:19:14","modified_gmt":"2026-04-07T00:19:14","slug":"datos","status":"publish","type":"page","link":"https:\/\/isfdyt43-bue.infd.edu.ar\/sitio\/datos\/","title":{"rendered":"Datos de Contacto"},"content":{"rendered":"<ul>\n<li style=\"list-style-type: none;\">\n<ul>\n<li style=\"list-style-type: none;\">\n<ul>\n<li style=\"list-style-type: none;\">\n<ul>\n<li><span style=\"color: #339966;\"><strong><span style=\"font-family: verdana; font-size: 10pt;\">Horarios de atenci\u00f3n: <\/span><\/strong><span style=\"font-size: 10pt;\">Lunes a Viernes de 8 a 12 hs. y de 18 a 22 hs.<\/span><\/span>\n<ul>\n<li><span style=\"color: #339966;\"><strong><span style=\"font-family: verdana; font-size: 10pt;\">Direcci\u00f3n: <\/span><\/strong><span style=\"font-size: 10pt;\">Santamarina 183 &#8211; Lobos (7240)<\/span><\/span><\/li>\n<\/ul>\n<\/li>\n<li style=\"list-style-type: none;\">\n<ul>\n<li><span style=\"color: #339966;\"><strong><span style=\"font-family: verdana; font-size: 10pt;\">Tel\u00e9fonos: <\/span><\/strong><span style=\"font-size: 10pt;\">(02227) 430076<\/span><\/span><\/li>\n<\/ul>\n<\/li>\n<li style=\"list-style-type: none;\">\n<ul>\n<li><span style=\"color: #339966;\"><strong><span style=\"font-family: verdana; font-size: 10pt;\">E-mail de consultas: <\/span><\/strong><span style=\"font-size: 10pt;\"><span style=\"color: #339966;\">isfdyt43lobos@abc.gob.ar<\/span> <\/span><\/span><\/li>\n<li><span style=\"color: #339966;\"><span style=\"font-size: 10pt;\"><strong>CUE <span class=\"_3oh- _58nk\">0610998-00<\/span><\/strong><\/span><\/span><\/li>\n<\/ul>\n<\/li>\n<\/ul>\n<\/li>\n<\/ul>\n<\/li>\n<\/ul>\n<\/li>\n<\/ul>\n<table style=\"width: 931px; border-color: #026b10; height: 1001px;\" border=\"1\">\n<tbody>\n<tr>\n<td style=\"width: 197px; text-align: center;\"><span style=\"font-size: 8pt; font-family: verdana, geneva, sans-serif; color: #339966;\"><strong>CARRERA<\/strong><\/span><\/td>\n<td style=\"width: 135px; text-align: center;\"><span style=\"font-size: 8pt; font-family: verdana, geneva, sans-serif; color: #339966;\"><strong>PRECEPTOR<\/strong><\/span><\/td>\n<td style=\"width: 135px; text-align: center;\"><span style=\"font-size: 8pt; font-family: verdana, geneva, sans-serif; color: #339966;\"><strong>JEFE DE \u00c1REA<\/strong><\/span><\/td>\n<td style=\"width: 100px; text-align: center;\"><span style=\"font-size: 8pt; font-family: verdana, geneva, sans-serif; color: #339966;\"><strong>REGENTE<\/strong><\/span><\/td>\n<td style=\"width: 233px; text-align: center;\"><span style=\"font-size: 8pt; font-family: verdana, geneva, sans-serif; color: #339966;\"><strong>CORREO ELECTR\u00d3NICO<\/strong><\/span><\/td>\n<td style=\"width: 126.0px; text-align: center;\"><span style=\"font-size: 8pt; font-family: verdana, geneva, sans-serif; color: #339966;\"><strong>Horario de Contacto<\/strong><\/span><\/td>\n<\/tr>\n<tr>\n<td style=\"width: 197px;\"><span style=\"font-size: 8pt; font-family: verdana, geneva, sans-serif; color: #339966;\">&#8211; Profesorado de Educaci\u00f3n F\u00edsica<\/span><\/td>\n<td style=\"width: 135px; text-align: center;\"><span style=\"font-size: 8pt; font-family: verdana, geneva, sans-serif; color: #339966;\">Guillermo Bortoluzzi<br \/>\n<\/span><span style=\"font-size: 8pt; font-family: verdana, geneva, sans-serif; color: #339966;\">Patricia Policani<br \/>\n<\/span><\/td>\n<td style=\"width: 135px; text-align: center;\"><span style=\"font-size: 8pt; font-family: verdana, geneva, sans-serif; color: #339966;\">Eugenio Alba<br \/>\n<\/span><\/td>\n<td style=\"width: 100px; text-align: center;\"><span style=\"font-size: 8pt; font-family: verdana, geneva, sans-serif; color: #339966;\">\u00a0<\/span><\/td>\n<td style=\"width: 233px; text-align: center;\"><span style=\"font-size: 8pt; font-family: verdana, geneva, sans-serif; color: #339966;\">is43.educacionfisica@gmail.com<\/span><\/td>\n<td style=\"width: 126.017px; text-align: center;\"><span style=\"font-size: 8pt; font-family: verdana, geneva, sans-serif; color: #339966;\">8:00Hs a 12:30Hs<\/span><\/td>\n<\/tr>\n<tr>\n<td style=\"width: 197px;\"><span style=\"font-size: 8pt; font-family: verdana, geneva, sans-serif; color: #339966;\">&#8211; Profesorado de Ingl\u00e9s<\/span><\/td>\n<td style=\"width: 135px; text-align: center;\"><span style=\"font-size: 8pt; font-family: verdana, geneva, sans-serif; color: #339966;\">Fabian Marani<br \/>\n<\/span><\/td>\n<td style=\"width: 135px; text-align: center;\"><span style=\"font-size: 8pt; font-family: verdana, geneva, sans-serif; color: #339966;\">&#8212;&#8212;&#8212;&#8212;&#8211;<br \/>\n<\/span><\/td>\n<td style=\"width: 100px; text-align: center;\"><span style=\"font-size: 8pt; font-family: verdana, geneva, sans-serif; color: #339966;\">\u00a0<\/span><\/td>\n<td style=\"width: 233px; text-align: center;\"><span style=\"font-size: 8pt; font-family: verdana, geneva, sans-serif; color: #339966;\">profesoradoingleslobos@gmail.com<\/span><\/td>\n<td style=\"width: 126.017px; text-align: center;\"><span style=\"font-size: 8pt; font-family: verdana, geneva, sans-serif; color: #339966;\">17:30Hs a 22:00Hs<\/span><\/td>\n<\/tr>\n<tr>\n<td style=\"width: 197px;\"><span style=\"font-size: 8pt; font-family: verdana, geneva, sans-serif; color: #339966;\">&#8211; Profesorado de Educaci\u00f3n Secundaria en Geograf\u00eda<\/span><\/p>\n<p><span style=\"font-size: 8pt; font-family: verdana, geneva, sans-serif; color: #339966;\">&#8211; Profesorado de Educaci\u00f3n Secundaria en Historia<br \/>\n<strong>Plan VIEJO<\/strong><br \/>\n<\/span><\/td>\n<td style=\"width: 135px; text-align: center;\"><span style=\"font-size: 8pt; font-family: verdana, geneva, sans-serif; color: #339966;\">Cristian Spinelli<br \/>\n<\/span><\/td>\n<td style=\"width: 135px; text-align: center;\"><span style=\"font-size: 8pt; font-family: verdana, geneva, sans-serif; color: #339966;\">\u00a0<\/span><\/td>\n<td style=\"width: 135px; text-align: center;\"><span style=\"font-size: 8pt; font-family: verdana, geneva, sans-serif; color: #339966;\">\u00a0<\/span><\/td>\n<td style=\"width: 233px; text-align: center;\"><span style=\"font-size: 8pt; font-family: verdana, geneva, sans-serif; color: #339966;\">is43.sociales@gmail.com<\/span><\/td>\n<td style=\"width: 126.017px; text-align: center;\"><span style=\"font-size: 8pt; font-family: verdana, geneva, sans-serif; color: #339966;\">17:30Hs a 22:00Hs<\/span><\/td>\n<\/tr>\n<tr>\n<td style=\"width: 197px;\"><span style=\"font-size: 8pt; font-family: verdana, geneva, sans-serif; color: #339966;\">&#8211; Profesorado de Educaci\u00f3n Secundaria en Geograf\u00eda<\/span><span style=\"font-size: 8pt; font-family: verdana, geneva, sans-serif; color: #339966;\"><br \/>\n<strong>Plan NUEVO<\/strong><br \/>\n<\/span><\/td>\n<td style=\"width: 135px; text-align: center;\"><span style=\"font-size: 8pt; font-family: verdana, geneva, sans-serif; color: #339966;\">Cristian Spinelli<br \/>\n<\/span><\/td>\n<td style=\"width: 135px; text-align: center;\"><\/td>\n<td style=\"width: 135px; text-align: center;\"><\/td>\n<td style=\"width: 233px; text-align: center;\"><span style=\"font-size: 8pt; font-family: verdana, geneva, sans-serif; color: #339966;\">is43.geografia@gmail.com<\/span><\/td>\n<td style=\"width: 126.017px; text-align: center;\"><span style=\"font-size: 8pt; font-family: verdana, geneva, sans-serif; color: #339966;\">17:30Hs a 22:00Hs<\/span><\/td>\n<\/tr>\n<tr>\n<td style=\"width: 197px;\"><span style=\"font-size: 8pt; font-family: verdana, geneva, sans-serif; color: #339966;\">&#8211; <\/span><span style=\"font-size: 8pt; font-family: verdana, geneva, sans-serif; color: #339966;\">Profesorado de Educaci\u00f3n Secundaria en Historia<br \/>\n<strong>Plan NUEVO<\/strong><br \/>\n<\/span><\/td>\n<td style=\"width: 135px; text-align: center;\"><span style=\"font-size: 8pt; font-family: verdana, geneva, sans-serif; color: #339966;\">Cristian Spinelli<\/span><\/td>\n<td style=\"width: 135px; text-align: center;\"><span style=\"font-size: 8pt; font-family: verdana, geneva, sans-serif; color: #339966;\">\u00a0<\/span><\/td>\n<td style=\"width: 135px; text-align: center;\"><span style=\"font-size: 8pt; font-family: verdana, geneva, sans-serif; color: #339966;\">\u00a0<\/span><\/td>\n<td style=\"width: 233px; text-align: center;\"><span style=\"font-size: 8pt; font-family: verdana, geneva, sans-serif; color: #339966;\">is43.historia@gmail.com<\/span><\/td>\n<td style=\"width: 126.017px; text-align: center;\"><span style=\"font-size: 8pt; font-family: verdana, geneva, sans-serif; color: #339966;\">08:00Hs a 12:30Hs<\/span><\/td>\n<\/tr>\n<tr>\n<td style=\"width: 197px;\"><span style=\"font-size: 8pt; font-family: verdana, geneva, sans-serif; color: #339966;\">&#8211; Profesorado de Educaci\u00f3n Secundaria en Biolog\u00eda<\/span><\/p>\n<p><span style=\"font-size: 8pt; font-family: verdana, geneva, sans-serif; color: #339966;\">&#8211; Profesorado de Educaci\u00f3n Secundaria en Qu\u00edmica<\/span><\/p>\n<p><span style=\"font-size: 8pt; font-family: verdana, geneva, sans-serif; color: #339966;\"><br \/>\n<\/span><span style=\"font-size: 8pt; font-family: verdana, geneva, sans-serif; color: #339966;\">&#8211; Profesorado de Educaci\u00f3n Secundaria en F\u00edsica<\/span><\/td>\n<td style=\"width: 135px; text-align: center;\"><span style=\"font-size: 8pt; font-family: verdana, geneva, sans-serif; color: #339966;\">Diego Corca<\/span><\/td>\n<td style=\"width: 135px; text-align: center;\"><span style=\"font-size: 8pt; font-family: verdana, geneva, sans-serif; color: #339966;\">&#8212;&#8212;&#8212;&#8212;&#8212;<br \/>\n<\/span><\/td>\n<td style=\"width: 135px; text-align: center;\"><span style=\"font-size: 8pt; font-family: verdana, geneva, sans-serif; color: #339966;\">\u00a0<\/span><\/td>\n<td style=\"width: 233px; text-align: center;\"><span style=\"font-size: 8pt; font-family: verdana, geneva, sans-serif; color: #339966;\">is43lobos.csnaturales@gmail.com<\/span><\/td>\n<td style=\"width: 126.017px; text-align: center;\"><span style=\"font-size: 8pt; font-family: verdana, geneva, sans-serif; color: #339966;\">17:30Hs a 22:00Hs<\/span><\/td>\n<\/tr>\n<tr>\n<td style=\"width: 197px;\"><span style=\"font-size: 8pt; font-family: verdana, geneva, sans-serif; color: #339966;\">&#8211; Tecnicatura Superior en Servicios Gastron\u00f3micos<\/span><\/td>\n<td style=\"width: 135px; text-align: center;\"><span style=\"font-size: 8pt; font-family: verdana, geneva, sans-serif; color: #339966;\">Maria Juliana Godoy<\/span><\/td>\n<td style=\"width: 135px; text-align: center;\"><span style=\"font-size: 8pt; font-family: verdana, geneva, sans-serif; color: #339966;\">&#8212;&#8212;&#8212;&#8212;-<\/span><\/td>\n<td style=\"width: 135px; text-align: center;\"><\/td>\n<td style=\"width: 233px; text-align: center;\"><span style=\"font-size: 8pt; font-family: verdana, geneva, sans-serif; color: #339966;\">is43.alimentos@gmail.com<\/span><\/td>\n<td style=\"width: 126.017px; text-align: center;\"><span style=\"font-size: 8pt; font-family: verdana, geneva, sans-serif; color: #339966;\">17:30Hs a 22:00Hs<\/span><\/td>\n<\/tr>\n<tr>\n<td style=\"width: 197px;\"><span style=\"font-size: 8pt; font-family: verdana, geneva, sans-serif; color: #339966;\">&#8211; Tecnicatura Superior en Acompa\u00f1amiento Terap\u00e9utico<\/span><\/td>\n<td style=\"width: 135px; text-align: center;\"><span style=\"font-size: 8pt; font-family: verdana, geneva, sans-serif; color: #339966;\">Xiomara Boda\u00f1o<br \/>\n<\/span><\/td>\n<td style=\"width: 135px; text-align: center;\"><\/td>\n<td style=\"width: 135px; text-align: center;\"><span style=\"font-size: 8pt; font-family: verdana, geneva, sans-serif; color: #339966;\">\u00a0<\/span><\/td>\n<td style=\"width: 233px; text-align: center;\"><span style=\"font-size: 8pt; font-family: verdana, geneva, sans-serif; color: #339966;\">is43.acompterapeutico@gmail.com<br \/>\n<\/span><\/td>\n<td style=\"width: 126.017px; text-align: center;\"><span style=\"font-size: 8pt; font-family: verdana, geneva, sans-serif; color: #339966;\">17:30Hs a 22:00Hs<\/span><\/td>\n<\/tr>\n<tr>\n<td style=\"width: 197px;\"><span style=\"font-size: 8pt; font-family: verdana, geneva, sans-serif; color: #339966;\">&#8211; Tecnicatura Superior en Laboratorio de An\u00e1lisis Cl\u00ednicos<\/span><\/td>\n<td style=\"width: 135px; text-align: center;\"><span style=\"font-size: 8pt; font-family: verdana, geneva, sans-serif; color: #339966;\">Cristian Mariscotti<\/span><\/td>\n<td style=\"width: 135px; text-align: center;\"><\/td>\n<td style=\"width: 135px; text-align: center;\"><\/td>\n<td style=\"width: 233px; text-align: center;\"><span style=\"font-size: 8pt; font-family: verdana, geneva, sans-serif; color: #339966;\">is43.salud@gmail.com<\/span><\/td>\n<td style=\"width: 126.017px; text-align: center;\"><span style=\"font-size: 8pt; font-family: verdana, geneva, sans-serif; color: #339966;\">17:30Hs a 22:00Hs<\/span><\/td>\n<\/tr>\n<tr>\n<td style=\"width: 197px;\"><span style=\"font-size: 8pt; font-family: verdana, geneva, sans-serif; color: #339966;\">&#8211; Tecnicatura Superior en\u00a0 Desarrollo de Software<\/span><\/td>\n<td style=\"width: 135px; text-align: center;\"><span style=\"font-size: 8pt; font-family: verdana, geneva, sans-serif; color: #339966;\">Cristian J. Zabalo<\/span><\/td>\n<td style=\"width: 135px; text-align: center;\"><span style=\"font-size: 8pt; font-family: verdana, geneva, sans-serif; color: #339966;\">Mar\u00eda Alonso<br \/>\n<\/span><\/td>\n<td style=\"width: 135px; text-align: center;\"><span style=\"font-size: 8pt; font-family: verdana, geneva, sans-serif; color: #339966;\">\u00a0<\/span><\/td>\n<td style=\"width: 233px; text-align: center;\"><span style=\"font-size: 8pt; font-family: verdana, geneva, sans-serif; color: #339966;\">is43.informatica@gmail.com<\/span><\/td>\n<td style=\"width: 126.017px; text-align: center;\"><span style=\"font-size: 8pt; font-family: verdana, geneva, sans-serif; color: #339966;\">17:30Hs a 22:00Hs<\/span><\/td>\n<\/tr>\n<tr>\n<td style=\"width: 197px;\"><span style=\"font-size: 8pt; font-family: verdana, geneva, sans-serif; color: #339966;\"><span style=\"font-size: 8pt; font-family: verdana, geneva, sans-serif; color: #339966;\"><span style=\"font-size: 8pt; font-family: verdana, geneva, sans-serif; color: #339966;\"><span style=\"font-size: 8pt; font-family: verdana, geneva, sans-serif; color: #339966;\">&#8211; Tecnicatura Superior en An\u00e1lisis, Desarrollo y Programaci\u00f3n de Aplicaciones<br \/>\n<\/span><\/span><\/span><\/span><\/td>\n<td style=\"width: 135px; text-align: center;\"><span style=\"font-size: 8pt; font-family: verdana, geneva, sans-serif; color: #339966;\">Cristian J. Zabalo<\/span><\/td>\n<td style=\"width: 135px; text-align: center;\"><span style=\"font-size: 8pt; font-family: verdana, geneva, sans-serif; color: #339966;\">Mar\u00eda Alonso<br \/>\n<\/span><\/td>\n<td style=\"width: 135px; text-align: center;\"><span style=\"font-size: 8pt; font-family: verdana, geneva, sans-serif; color: #339966;\">\u00a0<\/span><\/td>\n<td style=\"width: 233px; text-align: center;\"><span style=\"font-size: 8pt; font-family: verdana, geneva, sans-serif; color: #339966;\"><span style=\"font-size: 8pt; font-family: verdana, geneva, sans-serif; color: #339966;\"><span style=\"font-size: 8pt; font-family: verdana, geneva, sans-serif; color: #339966;\">is43.informatica@gmail.com<\/span><\/span><\/span><\/td>\n<td style=\"width: 126.017px; text-align: center;\"><span style=\"font-size: 8pt; font-family: verdana, geneva, sans-serif; color: #339966;\">17:30Hs a 22:00Hs<\/span><\/td>\n<\/tr>\n<\/tbody>\n<\/table>\n","protected":false},"excerpt":{"rendered":"<p>Horarios de atenci\u00f3n: Lunes a Viernes de 8 a 12 hs. y de 18 a 22 hs. Direcci\u00f3n: Santamarina 183 &#8211; Lobos (7240) Tel\u00e9fonos: (02227) 430076 E-mail de consultas: isfdyt43lobos@abc.gob.ar CUE 0610998-00 CARRERA PRECEPTOR JEFE DE \u00c1REA REGENTE CORREO ELECTR\u00d3NICO Horario de Contacto &#8211; Profesorado de Educaci\u00f3n F\u00edsica Guillermo Bortoluzzi Patricia Policani Eugenio Alba \u00a0 &#8230; <a title=\"Datos de Contacto\" class=\"read-more\" href=\"https:\/\/isfdyt43-bue.infd.edu.ar\/sitio\/datos\/\" aria-label=\"More on Datos de Contacto\">[+]<\/a><\/p>\n","protected":false},"author":65,"featured_media":0,"parent":0,"menu_order":0,"comment_status":"closed","ping_status":"closed","template":"","meta":[],"acf":[],"_links":{"self":[{"href":"https:\/\/isfdyt43-bue.infd.edu.ar\/sitio\/wp-json\/wp\/v2\/pages\/827"}],"collection":[{"href":"https:\/\/isfdyt43-bue.infd.edu.ar\/sitio\/wp-json\/wp\/v2\/pages"}],"about":[{"href":"https:\/\/isfdyt43-bue.infd.edu.ar\/sitio\/wp-json\/wp\/v2\/types\/page"}],"author":[{"embeddable":true,"href":"https:\/\/isfdyt43-bue.infd.edu.ar\/sitio\/wp-json\/wp\/v2\/users\/65"}],"replies":[{"embeddable":true,"href":"https:\/\/isfdyt43-bue.infd.edu.ar\/sitio\/wp-json\/wp\/v2\/comments?post=827"}],"version-history":[{"count":88,"href":"https:\/\/isfdyt43-bue.infd.edu.ar\/sitio\/wp-json\/wp\/v2\/pages\/827\/revisions"}],"predecessor-version":[{"id":4713,"href":"https:\/\/isfdyt43-bue.infd.edu.ar\/sitio\/wp-json\/wp\/v2\/pages\/827\/revisions\/4713"}],"wp:attachment":[{"href":"https:\/\/isfdyt43-bue.infd.edu.ar\/sitio\/wp-json\/wp\/v2\/media?parent=827"}],"curies":[{"name":"wp","href":"https:\/\/api.w.org\/{rel}","templated":true}]}}