{"id":865,"date":"2018-07-02T18:53:12","date_gmt":"2018-07-02T21:53:12","guid":{"rendered":"https:\/\/isfdyt43-bue.infd.edu.ar\/sitio\/profesorado-de-biologia\/"},"modified":"2024-05-31T21:45:28","modified_gmt":"2024-06-01T00:45:28","slug":"profesorado-de-biologia","status":"publish","type":"page","link":"https:\/\/isfdyt43-bue.infd.edu.ar\/sitio\/profesorado-de-biologia\/","title":{"rendered":"Profesorado de Biolog\u00eda"},"content":{"rendered":"<p><img decoding=\"async\" loading=\"lazy\" src=\"https:\/\/isfdyt43-bue.infd.edu.ar\/sitio\/wp-content\/uploads\/2018\/07\/BannersBiologia.jpg\" alt=\"Banner Biologia\" width=\"799\" height=\"338\" border=\"0\" \/><\/p>\n<p style=\"text-align: center;\"><span style=\"font-family: verdana,geneva; font-size: 10pt; color: #339966;\"><strong>DURACI\u00d3N 4 a\u00f1os <\/strong><\/span><\/p>\n<p style=\"text-align: center;\"><span style=\"font-family: verdana,geneva; font-size: 10pt; color: #339966;\"><strong>REQUISITOS DE INGRESO: T\u00edtulo del Nivel Medio o Polimodal.<br \/>\n<\/strong><\/span><\/p>\n<p style=\"text-align: center;\"><span style=\"font-family: verdana,geneva; font-size: 10pt; color: #339966;\"><b style=\"color: #339966; font-family: verdana, geneva; font-size: 10pt;\">Turno: Vespertino <\/b><\/span><\/p>\n<p style=\"text-align: center;\"><span style=\"font-family: verdana,geneva; font-size: 10pt; color: #339966;\"><b style=\"color: #339966; font-family: verdana, geneva; font-size: 10pt;\"><strong>Modalidad de Cursada: Presencial<\/strong><\/b><\/span><\/p>\n<p style=\"text-align: center;\"><span style=\"font-family: verdana,geneva; font-size: 10pt; color: #339966;\"><strong>Resoluci\u00f3n N\u00b0 <a href=\"https:\/\/abc.gob.ar\/secretarias\/sites\/default\/files\/2023-02\/IF-2022-40270491-GDEBA-SSEDGCYE%20Y%20BIOLOG%C3%8DA_compressed.pdf\" target=\"_blank\" rel=\"noopener\">3605\/22<\/a><br \/>\n<\/strong><\/span><\/p>\n<p style=\"text-align: center;\"><span style=\"font-family: verdana,geneva; font-size: 10pt; color: #339966;\">Campo ocupacional: Profesor de Educaci\u00f3n Secundaria en Biolog\u00eda<\/span><\/p>\n<p style=\"text-align: center;\"><a href=\"https:\/\/drive.google.com\/file\/d\/13-IWhDJDkMjwMuSg7_UCBPuV6stABZQj\/view\" target=\"_blank\" rel=\"noopener\"><strong>Horarios 1\u00b0 A\u00f1o<\/strong><\/a><\/p>\n<p style=\"text-align: center;\"><a href=\"https:\/\/drive.google.com\/file\/d\/1EkuHIjpDv6Lg0DwOdKZ1pBmFh-t7WaEX\/view\" target=\"_blank\" rel=\"noopener\"><strong>Horarios 2\u00b0 A\u00f1o<\/strong><\/a><\/p>\n","protected":false},"excerpt":{"rendered":"<p>DURACI\u00d3N 4 a\u00f1os REQUISITOS DE INGRESO: T\u00edtulo del Nivel Medio o Polimodal. Turno: Vespertino Modalidad de Cursada: Presencial Resoluci\u00f3n N\u00b0 3605\/22 Campo ocupacional: Profesor de Educaci\u00f3n Secundaria en Biolog\u00eda Horarios 1\u00b0 A\u00f1o Horarios 2\u00b0 A\u00f1o<\/p>\n","protected":false},"author":65,"featured_media":0,"parent":0,"menu_order":0,"comment_status":"closed","ping_status":"closed","template":"","meta":[],"acf":[],"_links":{"self":[{"href":"https:\/\/isfdyt43-bue.infd.edu.ar\/sitio\/wp-json\/wp\/v2\/pages\/865"}],"collection":[{"href":"https:\/\/isfdyt43-bue.infd.edu.ar\/sitio\/wp-json\/wp\/v2\/pages"}],"about":[{"href":"https:\/\/isfdyt43-bue.infd.edu.ar\/sitio\/wp-json\/wp\/v2\/types\/page"}],"author":[{"embeddable":true,"href":"https:\/\/isfdyt43-bue.infd.edu.ar\/sitio\/wp-json\/wp\/v2\/users\/65"}],"replies":[{"embeddable":true,"href":"https:\/\/isfdyt43-bue.infd.edu.ar\/sitio\/wp-json\/wp\/v2\/comments?post=865"}],"version-history":[{"count":15,"href":"https:\/\/isfdyt43-bue.infd.edu.ar\/sitio\/wp-json\/wp\/v2\/pages\/865\/revisions"}],"predecessor-version":[{"id":3859,"href":"https:\/\/isfdyt43-bue.infd.edu.ar\/sitio\/wp-json\/wp\/v2\/pages\/865\/revisions\/3859"}],"wp:attachment":[{"href":"https:\/\/isfdyt43-bue.infd.edu.ar\/sitio\/wp-json\/wp\/v2\/media?parent=865"}],"curies":[{"name":"wp","href":"https:\/\/api.w.org\/{rel}","templated":true}]}}

Profesorado de Biología

<p><img decoding="async" loading="lazy" src="https://isfdyt43-bue.infd.edu.ar/sitio/wp-content/uploads/2018/07/BannersBiologia.jpg" alt="Banner Biologia" width="799" height="338" border="0" /></p>
<p style="text-align: center;"><span style="font-family: verdana,geneva; font-size: 10pt; color: #339966;"><strong>DURACIÓN 4 años </strong></span></p>
<p style="text-align: center;"><span style="font-family: verdana,geneva; font-size: 10pt; color: #339966;"><strong>REQUISITOS DE INGRESO: Título del Nivel Medio o Polimodal.<br />
</strong></span></p>
<p style="text-align: center;"><span style="font-family: verdana,geneva; font-size: 10pt; color: #339966;"><b style="color: #339966; font-family: verdana, geneva; font-size: 10pt;">Turno: Vespertino </b></span></p>
<p style="text-align: center;"><span style="font-family: verdana,geneva; font-size: 10pt; color: #339966;"><b style="color: #339966; font-family: verdana, geneva; font-size: 10pt;"><strong>Modalidad de Cursada: Presencial</strong></b></span></p>
<p style="text-align: center;"><span style="font-family: verdana,geneva; font-size: 10pt; color: #339966;"><strong>Resolución N° <a href="https://abc.gob.ar/secretarias/sites/default/files/2023-02/IF-2022-40270491-GDEBA-SSEDGCYE%20Y%20BIOLOG%C3%8DA_compressed.pdf" target="_blank" rel="noopener">3605/22</a><br />
</strong></span></p>
<p style="text-align: center;"><span style="font-family: verdana,geneva; font-size: 10pt; color: #339966;">Campo ocupacional: Profesor de Educación Secundaria en Biología</span></p>
<p style="text-align: center;"><a href="https://drive.google.com/file/d/13-IWhDJDkMjwMuSg7_UCBPuV6stABZQj/view" target="_blank" rel="noopener"><strong>Horarios 1° Año</strong></a></p>
<p style="text-align: center;"><a href="https://drive.google.com/file/d/1EkuHIjpDv6Lg0DwOdKZ1pBmFh-t7WaEX/view" target="_blank" rel="noopener"><strong>Horarios 2° Año</strong></a></p>

<p>DURACIÓN 4 años REQUISITOS DE INGRESO: Título del Nivel Medio o Polimodal. Turno: Vespertino Modalidad de Cursada: Presencial Resolución N° 3605/22 Campo ocupacional: Profesor de Educación Secundaria en Biología Horarios 1° Año Horarios 2° Año</p>
