{"id":897,"date":"2018-07-02T18:53:25","date_gmt":"2018-07-02T21:53:25","guid":{"rendered":"https:\/\/isfdyt43-bue.infd.edu.ar\/sitio\/llamados\/"},"modified":"2026-03-13T20:32:16","modified_gmt":"2026-03-13T23:32:16","slug":"llamados","status":"publish","type":"page","link":"https:\/\/isfdyt43-bue.infd.edu.ar\/sitio\/llamados\/","title":{"rendered":"Cobertura de Unidades Curriculares 2026"},"content":{"rendered":"<p><img decoding=\"async\" loading=\"lazy\" src=\"https:\/\/isfdyt43-bue.infd.edu.ar\/sitio\/wp-content\/uploads\/2018\/07\/Concurso.jpg\" alt=\"Concurso\" width=\"750\" height=\"311\" border=\"0\" \/><\/p>\n<h2 style=\"text-align: center;\"><strong>Difusi\u00f3n e inscripci\u00f3n seg\u00fan Res. <a href=\"https:\/\/drive.google.com\/file\/d\/1fxD4uMzN0VVdEvnaoorXrDnMlF3XKFqW\/view?usp=sharing\">6179\/25<\/a><\/strong><\/h2>\n<h3 style=\"text-align: center;\">PROCEDIMIENTO PARA LA INSCRIPCI\u00d3N<\/h3>\n<p style=\"text-align: center;\">(conforme al marco normativo de nuestra Provincia de Buenos Aires)<\/p>\n<ol>\n<li><a href=\"https:\/\/docs.google.com\/document\/d\/1Tdf7M9aY6OUEkJdm6M1uHx3_V-pSavvM\/edit?usp=sharing&amp;ouid=103468642786047333586&amp;rtpof=true&amp;sd=true\"><strong>Formulario 1 &#8211; Planilla de Inscripci\u00f3n<\/strong><\/a><\/li>\n<li><a href=\"https:\/\/docs.google.com\/document\/d\/1yHmoOEOwq1Q9x9rhkqn389g-zLd9poCU\/edit?usp=sharing&amp;ouid=103468642786047333586&amp;rtpof=true&amp;sd=true\"><strong>Formulario 2 &#8211; Declaraci\u00f3n Jurada de Antecedentes<\/strong><\/a><\/li>\n<li><a href=\"https:\/\/drive.google.com\/file\/d\/1VJxXjZpcjq5lImwCM8VGB4gJAyTG0xoe\/view?usp=sharing\"><strong>Anexo 3 &#8211; Instancia cobertura de m\u00f3dulos-hs.c\u00e1tedra<\/strong><\/a><\/li>\n<li><a href=\"https:\/\/drive.google.com\/file\/d\/1GymO1moQW7Llyd4ck46kVH4lekrcQwdl\/view?usp=sharing\"><strong>Anexo 4 &#8211; Instancia cobertura Bibliotecarios<\/strong><\/a><\/li>\n<li><a href=\"https:\/\/drive.google.com\/file\/d\/1jUBUxY7JmSom3-2ep94_RTCUA47bglbi\/view?usp=sharing\"><strong>Anexo 5 &#8211; Instancia cobertura EMATP<\/strong><\/a><\/li>\n<li><a href=\"https:\/\/drive.google.com\/file\/d\/1ldXiqjW3Z9_k00JA3BWbJeHw7lRzoP8h\/view?usp=sharing\"><strong>Anexo 6 &#8211; Instancia cobertura Fonoaudi\u00f3logos<\/strong><\/a><\/li>\n<li><a href=\"https:\/\/drive.google.com\/file\/d\/1S--xbKXvP0PpVYeqB0VW7G_c4TjfD1Qt\/view?usp=sharing\"><strong>Anexo 8 &#8211; Instancia cobertura Preceptores<\/strong><\/a><\/li>\n<\/ol>\n<header><\/header>\n","protected":false},"excerpt":{"rendered":"<p>Difusi\u00f3n e inscripci\u00f3n seg\u00fan Res. 6179\/25 PROCEDIMIENTO PARA LA INSCRIPCI\u00d3N (conforme al marco normativo de nuestra Provincia de Buenos Aires) Formulario 1 &#8211; Planilla de Inscripci\u00f3n Formulario 2 &#8211; Declaraci\u00f3n Jurada de Antecedentes Anexo 3 &#8211; Instancia cobertura de m\u00f3dulos-hs.c\u00e1tedra Anexo 4 &#8211; Instancia cobertura Bibliotecarios Anexo 5 &#8211; Instancia cobertura EMATP Anexo 6 &#8211; &#8230; <a title=\"Cobertura de Unidades Curriculares 2026\" class=\"read-more\" href=\"https:\/\/isfdyt43-bue.infd.edu.ar\/sitio\/llamados\/\" aria-label=\"More on Cobertura de Unidades Curriculares 2026\">[+]<\/a><\/p>\n","protected":false},"author":65,"featured_media":0,"parent":0,"menu_order":0,"comment_status":"closed","ping_status":"closed","template":"","meta":[],"acf":[],"_links":{"self":[{"href":"https:\/\/isfdyt43-bue.infd.edu.ar\/sitio\/wp-json\/wp\/v2\/pages\/897"}],"collection":[{"href":"https:\/\/isfdyt43-bue.infd.edu.ar\/sitio\/wp-json\/wp\/v2\/pages"}],"about":[{"href":"https:\/\/isfdyt43-bue.infd.edu.ar\/sitio\/wp-json\/wp\/v2\/types\/page"}],"author":[{"embeddable":true,"href":"https:\/\/isfdyt43-bue.infd.edu.ar\/sitio\/wp-json\/wp\/v2\/users\/65"}],"replies":[{"embeddable":true,"href":"https:\/\/isfdyt43-bue.infd.edu.ar\/sitio\/wp-json\/wp\/v2\/comments?post=897"}],"version-history":[{"count":169,"href":"https:\/\/isfdyt43-bue.infd.edu.ar\/sitio\/wp-json\/wp\/v2\/pages\/897\/revisions"}],"predecessor-version":[{"id":4693,"href":"https:\/\/isfdyt43-bue.infd.edu.ar\/sitio\/wp-json\/wp\/v2\/pages\/897\/revisions\/4693"}],"wp:attachment":[{"href":"https:\/\/isfdyt43-bue.infd.edu.ar\/sitio\/wp-json\/wp\/v2\/media?parent=897"}],"curies":[{"name":"wp","href":"https:\/\/api.w.org\/{rel}","templated":true}]}}

<p><img decoding="async" loading="lazy" src="https://isfdyt43-bue.infd.edu.ar/sitio/wp-content/uploads/2018/07/Concurso.jpg" alt="Concurso" width="750" height="311" border="0" /></p>
<h2 style="text-align: center;"><strong>Difusión e inscripción según Res. <a href="https://drive.google.com/file/d/1fxD4uMzN0VVdEvnaoorXrDnMlF3XKFqW/view?usp=sharing">6179/25</a></strong></h2>
<h3 style="text-align: center;">PROCEDIMIENTO PARA LA INSCRIPCIÓN</h3>
<p style="text-align: center;">(conforme al marco normativo de nuestra Provincia de Buenos Aires)</p>
<ol>
<li><a href="https://docs.google.com/document/d/1Tdf7M9aY6OUEkJdm6M1uHx3_V-pSavvM/edit?usp=sharing&amp;ouid=103468642786047333586&amp;rtpof=true&amp;sd=true"><strong>Formulario 1 &#8211; Planilla de Inscripción</strong></a></li>
<li><a href="https://docs.google.com/document/d/1yHmoOEOwq1Q9x9rhkqn389g-zLd9poCU/edit?usp=sharing&amp;ouid=103468642786047333586&amp;rtpof=true&amp;sd=true"><strong>Formulario 2 &#8211; Declaración Jurada de Antecedentes</strong></a></li>
<li><a href="https://drive.google.com/file/d/1VJxXjZpcjq5lImwCM8VGB4gJAyTG0xoe/view?usp=sharing"><strong>Anexo 3 &#8211; Instancia cobertura de módulos-hs.cátedra</strong></a></li>
<li><a href="https://drive.google.com/file/d/1GymO1moQW7Llyd4ck46kVH4lekrcQwdl/view?usp=sharing"><strong>Anexo 4 &#8211; Instancia cobertura Bibliotecarios</strong></a></li>
<li><a href="https://drive.google.com/file/d/1jUBUxY7JmSom3-2ep94_RTCUA47bglbi/view?usp=sharing"><strong>Anexo 5 &#8211; Instancia cobertura EMATP</strong></a></li>
<li><a href="https://drive.google.com/file/d/1ldXiqjW3Z9_k00JA3BWbJeHw7lRzoP8h/view?usp=sharing"><strong>Anexo 6 &#8211; Instancia cobertura Fonoaudiólogos</strong></a></li>
<li><a href="https://drive.google.com/file/d/1S--xbKXvP0PpVYeqB0VW7G_c4TjfD1Qt/view?usp=sharing"><strong>Anexo 8 &#8211; Instancia cobertura Preceptores</strong></a></li>
</ol>
<header></header>

<p>Difusión e inscripción según Res. 6179/25 PROCEDIMIENTO PARA LA INSCRIPCIÓN (conforme al marco normativo de nuestra Provincia de Buenos Aires) Formulario 1 &#8211; Planilla de Inscripción Formulario 2 &#8211; Declaración Jurada de Antecedentes Anexo 3 &#8211; Instancia cobertura de módulos-hs.cátedra Anexo 4 &#8211; Instancia cobertura Bibliotecarios Anexo 5 &#8211; Instancia cobertura EMATP Anexo 6 &#8211; &#8230; <a title="Cobertura de Unidades Curriculares 2026" class="read-more" href="https://isfdyt43-bue.infd.edu.ar/sitio/llamados/" aria-label="More on Cobertura de Unidades Curriculares 2026">[+]</a></p>
